l(m).
-2
Let z(q) = q**2 + 2*q + 2. Let i(s) = -5*s - 5*s**2 + 2*s**2 + 0 - 3. Let r(w) = 2*i(w) + 5*z(w). Give r(-4).
-12
Let r(o) = -o**3 + 9*o**2 - 10*o + 19. Let c be r(8). Let j(i) = -i**3 + 2*i**2 - 2*i - 2. Calculate j(c).
-17
Let b(z) = -3 + z**2 - 485*z + 237*z + 4 - 2*z**2 + 245*z. Let r be 6/(-4)*10/(-5). Determine b(r).
-17
Let f(o) be the third derivative of -2/3*o**3 + 1/20*o**5 + 1/4*o**4 + 0*o - 1/120*o**6 + 0 - 16*o**2. Let b = -6 - -10. Give f(b).
4
Suppose 2*u = 3*u + 3, -5*h + 24 = -3*u. Let a(b) be the first derivative of 1/2*b**2 - h*b - 2. Determine a(0).
-3
Let l(q) = 2*q - 3. Let g be 3/3 + 12/(-8)*4. What is l(g)?
-13
Let a = -37 + 9. Let s = 30 + a. Suppose 4*g = 3*h + s, 4*h + 8 = -0*h + 4*g. Let k(m) = m + 6. Calculate k(h).
0
Let h = 679 + -681. Let a(g) = -4*g - 3. What is a(h)?
5
Suppose -73 + 105 = 8*u. Let a(c) = c**3 - 3*c**2 - 5*c - 3. Calculate a(u).
-7
Let y(u) = u**2 - 5*u + 6. Let c be y(4). Let d(i) = -i**2 + 2*i - 4 + 5 - c*i + i. Suppose 4*n - r = 10, 18 = 40*n - 35*n - 4*r. Calculate d(n).
-1
Let o(d) = 7*d**2 + 2*d + 3. Let p(f) be the third derivative of 13*f**5/60 + f**4/6 + f**3 - 22*f**2. Let i(h) = 11*o(h) - 6*p(h). Determine i(-3).
-6
Let t = 4 - -5. Suppose -1 = t*q + 17. Let m(s) = 4*s + 7 - 2*s - 4. What is m(q)?
-1
Let i(t) = -t**3 + t**2 - 1. Let n = -4 + 14. Let z be 6/n - (-4)/10. Let b(v) = 3*v**2 + v. Let w(q) = z*b(q) - i(q). Determine w(-2).
-1
Let p(g) be the first derivative of 247 - 516 + 258 + g**2. Determine p(-2).
-4
Let f = -644 - -636. Let u(o) be the first derivative of o**4/4 + 3*o**3 + 5*o**2 + 12*o - 8. Give u(f).
-4
Let q(h) = -6*h - 13. Let g be (-2 + 22/8)/((-17)/68). Calculate q(g).
5
Let p = -36 - -37. Suppose 9 = -t - p. Let l = t - -13. Let w(q) = -5*q + 4. Calculate w(l).
-11
Suppose -p - 3*j - 4 = 5, -15 = 5*j. Let y(x) be the first derivative of x**2/2 - 5*x + 7. Calculate y(p).
-5
Suppose -2*v = -0*v - 6. Let m(f) = 5*f**2 + 4*f - 4. Let y(s) = -4*s**2 - 3*s + 3. Suppose 0 = x + 208 - 212. Let n(k) = x*y(k) + 3*m(k). Calculate n(v).
-9
Suppose -7 = -2*p + 5. Let a(n) be the first derivative of -n**5/60 + n**4/8 + 4*n**3/3 + 1. Let b(w) be the third derivative of a(w). Calculate b(p).
-9
Let v(l) = -5*l**2 - 6197*l**3 + 6196*l**3 + 3*l + l**2. What is v(-5)?
10
Let t(y) be the first derivative of -2*y**3/3 + 4*y**2 + 2*y - 153. What is t(5)?
-8
Let q(u) = -326*u**3 + 162*u**3 + 2*u + 2 - 5*u**2 + 165*u**3. What is q(5)?
12
Let o(b) = -2 + 3*b**3 + 7 - 7*b - 19 - 3*b**2 + 0. Let g(t) = -t**3 + t**2 + 2*t + 5. Let s(a) = 7*g(a) + 2*o(a). Let x = -2 - -2. Calculate s(x).
7
Let q(k) = k - 23. Let v be ((-80)/24)/(-2)*(9 - 0). Give q(v).
-8
Let s(w) = 2*w**2 + 19*w + 4. Let z(g) = -g**2 - 10*g - 2. Let r(c) = 3*s(c) + 5*z(c). Let f = -72 + 68. Calculate r(f).
-10
Let g(b) = b**3 + 8*b**2 + 9*b + 5. Let j(h) = 2*h**3 - 4*h**2 - 12*h + 1. Let o be j(-2). Calculate g(o).
-9
Suppose 0 = 21*x - 147 - 168. Let g(a) = 2*a - 17. Determine g(x).
13
Let z(c) = -2*c**3 + 1. Let b(n) = -9 - 9*n - 53*n**2 + 27*n**2 + 27*n**2. Let x = 34 + -24. Let r be b(x). Give z(r).
-1
Suppose -5*s + 0 + 5 = -4*i, 5*i + 3 = 3*s. Let y(w) = -2*w + w**3 + 3*w**2 + i*w + 2 + 3*w. Suppose g + 0*g - 11 = 3*z, -4*z = 5*g + 40. Calculate y(g).
-18
Let g be -1*((-4)/(-4) - (18/6 + -3)). Let m(q) be the second derivative of -7*q**4/12 - 2*q. Determine m(g).
-7
Let t(s) be the second derivative of -1/2*s**4 - 3*s + 1/20*s**5 + 7/2*s**2 + 1/2*s**3 + 0. Determine t(5).
-3
Let w(i) = -i + 14. Let y = -102 - -107. Suppose -2*u + 25 = y. Determine w(u).
4
Let k(x) = 2*x**2 - 15*x - 93. Let j be k(-4). Let l(y) = -51*y**3 + y**2 + y. What is l(j)?
51
Let s(a) be the first derivative of a**7/840 - a**6/40 + 7*a**5/120 + 5*a**4/12 - 4*a**3/3 + 6. Let g(z) be the third derivative of s(z). Determine g(8).
2
Let z(n) be the second derivative of -n**4/3 + 23*n**3/6 + 4*n**2 + 13*n. Let u be z(6). Let k(m) = 2*m**3 - 4*m**2 + m + 2. Calculate k(u).
4
Let l(k) = -k - 2 - k + 0*k. Let c = 1159 - 1162. Determine l(c).
4
Let m(p) = p**3 + 2*p**2 - 3*p**2 + 258 + 4*p + 3*p**2 - 259. What is m(-3)?
-22
Let q = 5 - 10. Let j(a) be the second derivative of 2/3*a**3 - 11*a - 1/3*a**4 - 3*a**2 - 1/20*a**5 + 0. Determine j(q).
-1
Let i(k) = -6*k**2 + 0*k**2 + 5*k**2 + k - 3*k + 2*k**2 - 9. Give i(5).
6
Let b be 6/12 + (-27)/(-6). Let d(f) = -2 + b + 2*f + 1. What is d(-6)?
-8
Let v(y) = 16 + y - 8 - 7. Calculate v(-2).
-1
Let t(y) = -y - 17. Suppose -8*u = -12*u + 8. Let r be 4/u + -10 + 1. What is t(r)?
-10
Let j(i) be the second derivative of 2*i**5/5 - i**2/2 + i. Let y(k) = k**2 - 59*k + 1. Let l be y(0). Calculate j(l).
7
Let y(t) = t + 7. Let h be (-27)/18*32/(-3). Let a = h - 23. Determine y(a).
0
Let i(n) = -n - 3. Let s = 3 + 11. Suppose 11 = g - j, 4*g = -0*g - 2*j + s. What is i(g)?
-9
Let j(r) = -r**2 - 2*r + 5. Let y(l) = -l + 1. Let z(o) = j(o) - 3*y(o). Suppose 0 = -5*s + 92 - 77. Give z(s).
-4
Let u(n) = 8*n**2 + 4*n + 41. Let p(i) = 3*i**2 + i + 14. Let o be 5/10 + (-22)/(-4) + -2. Let a(r) = o*u(r) - 11*p(r). Give a(7).
-4
Suppose -18 = 18*x - 21*x. Let w = -8 + x. Let l(h) = 2*h**3 + 9*h**2 + 2*h + 2. Let r(q) = -q**3 - 5*q**2 - q - 1. Let u(b) = -3*l(b) - 5*r(b). Determine u(w).
1
Let r(v) = -v**3 - 3*v**2 - 3*v - 1. Let z(x) = -x**2 - 18*x - 3. Let k = 67 + -85. Let q be z(k). Determine r(q).
8
Suppose 30 + 25 = -5*g. Let j = 11 + g. Suppose j = -0*k - k - 1. Let y(w) = -10*w**3 + w**2 - 1. Calculate y(k).
10
Let k(z) = 6*z + 5. Suppose 2*o - 5 = o - i, -o - 5 = -i. Let w be k(o). Let y(l) = 4*l - l**2 - 1 - l + 7. Give y(w).
-4
Suppose 4 - 1 = i + n, -4*i - 8 = -n. Let q = -98 - -102. Let o(r) = q*r - 1 - 10*r + 12*r. Determine o(i).
-7
Let f(z) = z**2 + 8*z - 4. Suppose 2*u = -9 - 5. What is f(u)?
-11
Let q(g) = 2*g + 3. Let a(i) = -i - 1. Let z(x) = -a(x) - q(x). Let p be ((-4)/(-8))/(1/6). Suppose 3*o = o + p*c - 6, -o + 5*c = -4. Give z(o).
4
Let v(f) = -f**2 + f. Suppose -4*d = -n + 6, -2*n + 4*d = -5*n + 18. Suppose -g + n*g - 20 = 4*z, -5*g = z - 20. Give v(z).
0
Let m = -272 + 273. Let f(j) = 25*j**2 - 1. Calculate f(m).
24
Let t(a) = 3*a - 9. Suppose 25*b - 22*b - 18 = 0. Give t(b).
9
Suppose 0 = 4*r - 0 + 28. Let n = r + 13. Let m(y) = -7*y - 4. Let b(o) = 8*o + 5. Let q(k) = n*b(k) + 7*m(k). What is q(-3)?
5
Let x(k) = -k - 4*k**2 + 6*k**2 - k + k**3 + 0*k**2 + 5*k**2. Calculate x(-7).
14
Let j(f) be the first derivative of 5*f**3/6 + 2*f**2 + 29*f - 37. Let u(s) be the first derivative of j(s). What is u(-4)?
-16
Let i be 7/(2 - (-2 + 3)). Let o(n) = -2*n**2 + 3 + i - 1 - 5*n - 2. Determine o(-5).
-18
Let s(f) = f**2 - 4*f + 6. Let v = -6 - -15. Suppose 0 = 17*z - v*z - 40. Determine s(z).
11
Let a = -19 + 22. Let c(n) = 0*n**2 + 2*n**2 + 0*n**3 - 3*n**a + 3*n + 4*n**3. Give c(-2).
-6
Let m(r) be the second derivative of 11*r**3/6 + r**2 + 6*r. Calculate m(-2).
-20
Let p(r) = -11*r**2 + r - 2. Let m be p(1). Let q(y) = y**2 - y. Let g(i) = 3*i**2 + 10*i. Let j(c) = g(c) - 2*q(c). Give j(m).
0
Let g(x) = -x**2 - 8*x + 1. Let o be (-50)/20*(-12)/5. Suppose 2*d - o*d = 32. Give g(d).
1
Let y(d) be the second derivative of 2 + 15*d + 1/2*d**3 + d**2. Determine y(-3).
-7
Suppose 3*c - 16 = g, 6*c = c + 3*g + 20. Let k(w) = 641*w - 4*w**2 + c - 631*w + 3*w**2. Give k(11).
-4
Let s(x) be the second derivative of -x**3/3 - 5*x**2/2 + 2*x - 11. What is s(-4)?
3
Let l(u) = 5*u + 0*u - 3 + 0*u**2 + 7 - 3*u**2 + 4*u**2. Calculate l(-5).
4
Suppose -5*g = -2*c + 27, -5*g - 8 - 7 = 0. Let x(z) = -z**2 - z + 8. What is x(c)?
-34
Let a(d) = d**2 - 5*d - 2. Suppose -3*y - 12 = -9*y. Suppose -y*v = 3*v - 30. Determine a(v).
4
Let f(j) be the third derivative of -1/60*j**5 - 1/2*j**3 + 0 - 1/4*j**4 + 15*j**2 + 0*j. Calculate f(-5).
2
Let p(s) = s**3 + 2. Let o(m) = -m**3 + 4*m**2 - 2*m - 1. Suppose -2 = 5*h - h - 5*c, -5*h + c = -8. Let b = 1 + h. Let l be o(b). Determine p(l).
10
Let r(s) = -13*s**2 + 4*s - 43. Let p(v) = 37*v**2 - 11*v + 118. Let x(d) = 4*p(d) + 11*r(d). Let o = 1 + -2. Calculate x(o).
4
Let m(j) = -j**2 - 12*j + 15. Let y be 6/(-9) - (6 + (-57)/(-9)). Determine m(y).
2
Let b(v) be the second derivative of -v**4/12 + v**3/2 + 2*v**2 - 20*v + 1. Calculate b(5).
-6
Suppose -746 = 5*v - 726.